{"id":22,"date":"2020-07-11T11:47:14","date_gmt":"2020-07-11T14:47:14","guid":{"rendered":"http:\/\/192.168.100.8:8888\/blog-saladejustica\/?page_id=22"},"modified":"2026-04-02T06:58:25","modified_gmt":"2026-04-02T09:58:25","slug":"sobre","status":"publish","type":"page","link":"https:\/\/saladejustica.com.br\/blog\/sobre\/","title":{"rendered":"Sobre"},"content":{"rendered":"\n<p>Oi, tudo bem? Meu nome \u00e9 Vin\u00edcius Arag\u00e3o Costa, mas pode me chamar de <strong>Vini Costa<\/strong>. Fa\u00e7o parte da comunidade de crist\u00e3os reformados da <a href=\"https:\/\/ipb.org.br\/ipb\/igreja-reformada\" target=\"_blank\" rel=\"noreferrer noopener\">Igreja Presbiteriana do Brasil<\/a>, o que significa que tenho um relacionamento com Deus, atrav\u00e9s da media\u00e7\u00e3o de Jesus Cristo, baseado no Evangelho revelado por Ele e pelas Escrituras Sagradas. Esse relacionamento me d\u00e1 a consci\u00eancia de que sou um pecador, e que minha vida depende exclusivamente da vontade de Deus. Sou casado com a minha Mulher-Maravilha, conhecida tamb\u00e9m por Sueli Costa, e temos dois filhos.<\/p>\n\n\n\n<p>Sou formado em Tecnologia em Processamento de Dados pela Universidade Cat\u00f3lica de Bras\u00edlia em 2004, e trabalho como analista de sistemas e engenheiro de software desde 2000 (veja meu <a href=\"https:\/\/www.linkedin.com\/in\/viniciuscosta\/\" target=\"_blank\" rel=\"noreferrer noopener\">Linkedin<\/a>). Atualmente trabalho em uma empresa p\u00fablica de TI, na \u00e1rea de seguran\u00e7a de redes, onde sou o respons\u00e1vel t\u00e9cnico do meu turno e lidero uma equipe de 4 pessoas, al\u00e9m de mim.<\/p>\n\n\n\n<p>Sou f\u00e3 de fic\u00e7\u00e3o cient\u00edfica, fantasia e hist\u00f3rias policiais em quadrinhos, livros, filmes e s\u00e9ries de TV. Leio assiduamente desde que fui alfabetizado, em 1987. Tenho em minha casa uma singela cole\u00e7\u00e3o com mais de 7.100 quadrinhos, quase 1.000 livros e mais de 1.000 revistas. Tamb\u00e9m sou um leitor entusiasta de revistas de ci\u00eancias, como a Superinteressante, por exemplo. Acredito que o progresso cient\u00edfico \u00e9 fruto da gra\u00e7a comum de Deus, e n\u00e3o h\u00e1 incoer\u00eancia em ser ao mesmo um tempo um homem de f\u00e9 e um homem das ci\u00eancias.<\/p>\n\n\n\n<p>Quer saber mais? Entre em <a href=\"https:\/\/saladejustica.com.br\/blog\/contato\/\">contato<\/a>. Obrigado!<\/p>\n","protected":false},"excerpt":{"rendered":"<p>Oi, tudo bem? Meu nome \u00e9 Vin\u00edcius Arag\u00e3o Costa, mas pode me chamar de Vini Costa. Fa\u00e7o parte da comunidade de crist\u00e3os reformados da Igreja&#8230;<\/p>\n<div class=\"more-link-wrapper\"><a class=\"more-link\" href=\"https:\/\/saladejustica.com.br\/blog\/sobre\/\">Continue lendo<span class=\"screen-reader-text\">Sobre<\/span><\/a><\/div>\n","protected":false},"author":1,"featured_media":0,"parent":0,"menu_order":0,"comment_status":"closed","ping_status":"closed","template":"","meta":{"footnotes":""},"class_list":["post-22","page","type-page","status-publish","hentry","entry"],"_links":{"self":[{"href":"https:\/\/saladejustica.com.br\/blog\/wp-json\/wp\/v2\/pages\/22","targetHints":{"allow":["GET"]}}],"collection":[{"href":"https:\/\/saladejustica.com.br\/blog\/wp-json\/wp\/v2\/pages"}],"about":[{"href":"https:\/\/saladejustica.com.br\/blog\/wp-json\/wp\/v2\/types\/page"}],"author":[{"embeddable":true,"href":"https:\/\/saladejustica.com.br\/blog\/wp-json\/wp\/v2\/users\/1"}],"replies":[{"embeddable":true,"href":"https:\/\/saladejustica.com.br\/blog\/wp-json\/wp\/v2\/comments?post=22"}],"version-history":[{"count":6,"href":"https:\/\/saladejustica.com.br\/blog\/wp-json\/wp\/v2\/pages\/22\/revisions"}],"predecessor-version":[{"id":658,"href":"https:\/\/saladejustica.com.br\/blog\/wp-json\/wp\/v2\/pages\/22\/revisions\/658"}],"wp:attachment":[{"href":"https:\/\/saladejustica.com.br\/blog\/wp-json\/wp\/v2\/media?parent=22"}],"curies":[{"name":"wp","href":"https:\/\/api.w.org\/{rel}","templated":true}]}}